. Give j(6).
-2
Let y(g) = g**2 - 6*g + 6. Let b be y(7). Let d be b/3 + 6/9. Suppose 2*t + 3*t - 5 = -5*q, d*t = 5. Let l(a) = -a**2 + a + 10. Calculate l(q).
10
Suppose 0*u - 34 = -5*l + 4*u, 3*u + 27 = 4*l. Let t be (4/5)/(2/5). Let p(z) = -z + t*z - 3*z + 3*z. Calculate p(l).
6
Let a(t) = -t**3 + 8*t**2 - 7*t + 2. Let n be a(7). Let j(o) = -3 + 2*o + 6*o**3 - n*o**3 + 3*o**2 - 5*o**3 + o. Determine j(2).
7
Let l(m) = -m**2 - m + 4. Suppose h = 3 - 7. Let a be -2*(0 + (-2)/h). Let b = -1 - a. What is l(b)?
4
Let i(t) = -t. Let u = 20 + -13. Let o = u - 11. Calculate i(o).
4
Suppose 0*y + 5*i - 14 = 3*y, -8 = 2*y - 3*i. Let j(o) be the first derivative of -o**3/3 + o**2 - 2*o - 8. Calculate j(y).
-2
Let l(i) = i**2 + 1. Suppose 5*p + 5*s + 1 = 6, 0 = -5*p + 3*s - 19. Determine l(p).
5
Let k(t) = -t**2 - 4*t - 3. Suppose -3*o - 14 = -5*o. Let y = o - 12. Determine k(y).
-8
Let w(f) be the first derivative of -f**4/12 - f**3/2 - 3*f**2/2 - 4*f - 8. Let z(b) be the first derivative of w(b). Determine z(-2).
-1
Suppose 2*h - 3*h = -2. Let m(x) = -x**2 - 3*x + 2. Determine m(h).
-8
Let v(h) = h. Let c(n) = -n + 12. Let a be c(8). Give v(a).
4
Let p(t) = -2*t**2 + 2*t + 1. Suppose -2*z + 4*k + 16 = -0*z, z - 5*k = 23. Let l = 1 + z. What is p(l)?
-3
Let p(b) = b**2 + 5*b + 2. Suppose -4*v = -3*n + 32, -v + 6 = -5*n + 31. Give p(v).
2
Suppose 0 = -3*s + 2*s + 6. Let g be 1/(2/s) - 3. Suppose g = 3*k - 7 - 5. Let w(d) = d - 5. Determine w(k).
-1
Let j(w) = -4*w. Let c be j(2). Let u = 8 + c. Let r(i) = -i**2 - i - 1. What is r(u)?
-1
Let y(k) be the second derivative of 4*k - 7/6*k**3 + 3/2*k**2 + 0 + 1/12*k**4. Give y(5).
-7
Let j(b) = b**2 + 1. Let v = 13 + -6. Suppose -a - 1 = 0, 2*u - 3*a + 7 = v*u. Calculate j(u).
5
Let p = 34 + -29. Let f(u) = u**3 - 5*u**2 - u + 2. Give f(p).
-3
Let n(q) = -3*q**3 + 8*q - 7. Let r(s) = 2*s**3 + s**2 - 7*s + 6. Let z(o) = -3*n(o) - 4*r(o). Calculate z(3).
0
Let m(n) = -n**3. Let j(s) = -s**2 + s + 1. Let f(a) = a**2 - 5*a - 3. Let l be f(6). Let y(v) = l*j(v) + m(v). What is y(-3)?
-6
Let w be (6/9)/((-3)/18*2). Let b(o) = -5*o - 3. Let x(j) = 2*j + 1. Let n(a) = -3*b(a) - 8*x(a). Determine n(w).
3
Let o = 31 + -17. Suppose -2*b = -4*v + o, -4*b = v - 4*v + 3. Let u(i) = i - 3. What is u(v)?
2
Let z = -3 - -3. Let y(h) = -3*h - h**2 - 2 + 0*h + z*h. Let u(v) = v**2 - 8*v + 5. Let l be u(7). Give y(l).
0
Let z(k) = k**2 + 7*k + 2. Let b(w) = -2*w**2 - 3*w + 3. Let f be b(-3). Determine z(f).
-4
Let s(n) = n**3 - 6*n**2 - 6*n - 5. Let l be s(7). Let r(h) = 4 + 3*h - 4 - h**l + 0 - 1. Determine r(4).
-5
Let u be (-4)/(-10) + 264/40. Suppose -u*n = -5*n + 10. Let s(f) = -f**3 - 4*f**2 + 6*f. Determine s(n).
-5
Let n be ((-6)/5)/(2/(-15)). Let d(q) = q**3 - 5*q**3 - 3*q**3 + 3 - 2*q - n*q**2. Let t(k) = k**3 + k**2 - 1. Let w(g) = -d(g) - 6*t(g). Calculate w(-3).
-3
Let t(d) be the second derivative of 8*d + 1/3*d**3 + 0*d**2 + 0. Give t(1).
2
Let u(v) be the second derivative of 1/6*v**4 + 0 - v + 0*v**2 - 2/3*v**3. Let r = 10 + -7. Calculate u(r).
6
Let n(q) = -q**3 + 5*q**2 + 4*q - 5. Let t(c) = 3*c**2 - 5*c - 16. Let o be t(-2). Determine n(o).
-17
Let n be (-3)/(-1) - (1 - 0). Let u(w) = -1 + 9*w**2 + 0 - 2*w**n. Calculate u(-1).
6
Suppose -u + y = 0, -5*y + 15 = -10. Suppose 0 + 8 = 4*r. Let o(h) = -2*h - 6 + 2*h + h**r - 3*h. What is o(u)?
4
Let n(k) = 8*k**2 + 3*k. Let g(s) = 9*s**2 + 4*s. Let q(h) = -2*g(h) + 3*n(h). Give q(-1).
5
Let w(i) be the first derivative of -i**2 - 2*i + 2. Let a be 1/(-3) + (-16)/6. Calculate w(a).
4
Let g(n) be the second derivative of n**3/6 - 3*n**2 + 2*n. What is g(7)?
1
Let x(g) = -4*g + 1. Let d be (1 + 4)*(-6)/(-15). Give x(d).
-7
Let k(b) = 3 + 8*b - 2*b**2 + 2*b**3 - 2*b - b - 3*b**3. Give k(-3).
-3
Suppose -4*h + 2*j + 8 = 0, h - 2*j + 2 = 7. Let m(w) = 0 - w + 3 - h - 3. Suppose 8*z - 4*z = -24. Calculate m(z).
5
Let z(n) be the third derivative of n**6/360 + n**5/60 - n**4/8 - n**3/2 - 2*n**2. Let v(h) be the first derivative of z(h). Determine v(2).
5
Let c(t) = -3*t + 4*t - 6*t. Determine c(1).
-5
Suppose -26 + 34 = 2*f. Let a(s) be the second derivative of 0 + 3/2*s**2 + 1/6*s**3 - 1/12*s**f + 2*s. What is a(0)?
3
Suppose 5*b - 4*b = 0. Let r(n) = -n**3 - n + 16. Give r(b).
16
Let a(r) = 5*r - 1. Suppose -t - 9 = -8. Give a(t).
-6
Suppose 0 = 2*d - 0*d - 8. Let k(w) = 13*w - 2. Let s(q) = 9*q - 1. Let t(l) = -5*k(l) + 7*s(l). Calculate t(d).
-5
Let y(o) = -o - 6. Let d = -5 + 8. Suppose -d*q = q - 20. Calculate y(q).
-11
Let z(q) = -19 + 3*q - q + 6 - 3*q. Let b be z(-12). Let v(x) = 6*x**3 + x + 1. Give v(b).
-6
Let y(d) = -11*d + 5*d - 4 + 7*d. Let k(m) = -3*m + 9. Let t(w) = -2*k(w) - 5*y(w). Calculate t(-4).
-2
Let t be ((-16)/(-6) - 2) + 78/(-9). Let k(z) = z**2 + 6*z - 9. Determine k(t).
7
Let k = 46 + -32. Suppose 6 = -4*t - k. Let w(o) = o**2 + 7*o + 6. Determine w(t).
-4
Let n(m) be the second derivative of m**4/12 + m**3/3 + m**2/2 + 3*m. Suppose 3*y + 10 = -2*y. Determine n(y).
1
Let n be (-2 + 2)*(-6)/(-11 - 1). Let i(o) be the second derivative of -1/6*o**3 - 1/12*o**4 + 0 + 3*o**2 - 2*o. Calculate i(n).
6
Let b(y) be the first derivative of -2*y**3/3 + 3*y**2 - 11. Give b(4).
-8
Suppose 4*h + 3*v + 1 = -0*h, -3*h + 5*v = 8. Let m = h - -2. Let s(c) = 0 + m - 5*c - c**2 + c. Determine s(-5).
-4
Suppose 0 = -0*r + r + 3. Let t(c) = 3*c - 4. Let w(d) = -5*d + 8. Let n(o) = -7*t(o) - 4*w(o). Determine n(r).
-1
Suppose -5*h + 5 + 20 = 0. Let d(m) = m - 1. Let f(c) = 5 - 5 + 2. Let q(r) = -2*d(r) + f(r). Calculate q(h).
-6
Let c(y) = y**3 + 2*y + 2. Let k(o) = -2 + 4 - 2 - 1 - o. Let z(p) = -c(p) - k(p). Give z(-1).
1
Let x(c) be the first derivative of -c**3/3 + 5*c**2/2 - c + 1. Let k be 62/(-5) - (-8)/20. Let f = k - -17. Determine x(f).
-1
Let j(p) be the second derivative of -p**7/420 - p**6/180 + p**5/120 + p**4/24 - p**3 - 6*p. Let m(g) be the second derivative of j(g). Determine m(-2).
7
Let m = -4 + 9. Suppose 8 = n + 2*y + y, -10 = -2*n - 3*y. Let s(z) = 5*z**2 + 5*z - 2*z**2 - 4*z**n. Determine s(m).
0
Suppose 0 = -3*p - 5*s - 15 - 2, 5*p = -5*s - 25. Let w(u) = -5*u + 1. Let l(m) = -2 + 2 + 0 - 4*m + 1. Let k(c) = p*l(c) + 3*w(c). Give k(2).
1
Let x(t) = -t - 5. Let m(h) = -h - 6. Let l(j) = 5*m(j) - 6*x(j). Let z(f) = -f**3 - 2*f**2 + 2*f + 2. Let y be z(2). Let d = 5 + y. Calculate l(d).
-5
Let i(j) = -5*j**3 - 7*j**2 - 5*j - 6. Let t(y) = 6*y**3 + 7*y**2 + 6*y + 5. Let d(p) = 5*i(p) + 4*t(p). Give d(-7).
-3
Let n(h) be the second derivative of 0 - h + 1/3*h**3 - h**2 - 1/4*h**4. Determine n(2).
-10
Let u be 3*-1*2/3. Let i = u - 0. Let h(n) = 0 - 1 - 2*n**3 + n**3 - 2*n**2. What is h(i)?
-1
Let n(y) = -3*y**2 + 2*y - 2. Let p(v) = v + 5. Suppose -b = -5*k - 16 - 6, -2*b + 2*k + 4 = 0. Let g be p(b). Give n(g).
-10
Let w(u) be the third derivative of -u**6/120 + u**5/12 + u**4/24 - 2*u**3/3 - 2*u**2. What is w(5)?
1
Let w(m) be the second derivative of -2*m**3/3 + 4*m. What is w(-4)?
16
Let i(a) = -3*a - 6. Let l = 71 - 46. Suppose 5*b + 5*f + l = 0, 2*b + 11 = -2*b + 5*f. What is i(b)?
6
Let b(x) = -x**2 + x - 1. Suppose 4*n - i = 8, n - 1 = -2*i + 1. Let y be -1 - n/(3 + -5). Give b(y).
-1
Let d(s) = -5*s**3 - 13*s**2 - 4*s - 6. Let x(m) = -m**3 - m**2 + m. Let o(t) = d(t) - 4*x(t). Give o(-8).
-6
Let c(b) = b - 7. Let f(g) = 4. Let q(z) = 2*c(z) + 5*f(z). Determine q(-4).
-2
Let m(g) be the second derivative of -g**7/2520 - g**6/144 - g**5/120 - g**4/12 + 3*g. Let o(l) be the third derivative of m(l). Give o(-2).
5
Suppose 0 = -3*y + q - 23, -y + 55 = -6*y + 5*q. Let x(f) be the third derivative of -f**4/12 - 4*f**3/3 + 11*f**2. Determine x(y).
4
Let w = 5 + -4. Let n(y) = -y + 2. What is n(w)?
1
Let d(o) = -6*o**3 - 13*o**2 - 2*o - 1. Let r(l) = 5*l**3 + 12*l**2 + l. Let u(c) = 6*d(c) + 7*r(c). Let q be (-11 + 1)*5/(-60)*6. Determine u(q).
-6
Let r(l) = l**2 + l. Let h(k) = -k**2 + 6*k + 3. Let f(m) = -h(m) - 2*r(m). Let q be f(-7). Let c(i) = -15*i + 10*i - 4 + 3*i. What is c(q)?
-12
Let p(k) = -3*k**2 - k + 6. Let v(z) = z**2 - z - 1. Let d(s) = -p(s) - 4*v(s). What is d(4)?
2
Let s = -1 - -1. Suppose l - 5*l = s. Let a(j) = -j + 11. Determine a(l).
11
Let r(w) be the first derivative of -w**3/3 - 5*w**2/2 + 6*w - 1. Give r(-6).
0
S